{"id":557,"date":"2025-06-04T10:06:26","date_gmt":"2025-06-04T10:06:26","guid":{"rendered":"https:\/\/traban.svaomega.com\/?post_type=product&#038;p=557"},"modified":"2025-06-04T13:12:32","modified_gmt":"2025-06-04T13:12:32","slug":"nina-holtkamp-gut-zu-fus","status":"publish","type":"product","link":"https:\/\/traban.svaomega.com\/?product=nina-holtkamp-gut-zu-fus","title":{"rendered":"Nina Holtkamp: Gut zu Fu\u00df"},"content":{"rendered":"<p><strong>Nina Holtkamp: Gut zu Fu\u00df &#8211; von klein auf<\/strong><\/p>\n<p>&nbsp;<\/p>\n<p>Suchst du einen Ratgeber, der dich von Anfang an begleitet, um die richtige Entscheidung f\u00fcr die Fu\u00dfentwicklung deines Kindes treffen zu k\u00f6nnen?<\/p>\n<p>Als Kinderphysiotherapeutin und Mutter wei\u00df Nina Holtkamp, wie entscheidend die richtigen Schuhe f\u00fcr gesunde F\u00fc\u00dfe von Kindern sind. Sie bilden die Basis f\u00fcr eine gesunde Entwicklung. In diesem Ratgeber erh\u00e4ltst du praktische Tipps zur F\u00f6rderung der Fu\u00dfgesundheit deines Kindes \u2013 von Geburt an. Lerne, wie du h\u00e4ufige Fehler vermeidest und deinem Kind ein gesundes Fundament erm\u00f6glichst.<\/p>\n<p>Der ideale Ratgeber f\u00fcr Eltern, die die F\u00fc\u00dfe ihrer Kinder optimal unterst\u00fctzen m\u00f6chten.<\/p>\n","protected":false},"excerpt":{"rendered":"<p>Nina Holtkamp: Gut zu Fu\u00df &#8211; von klein auf &nbsp; Suchst du einen Ratgeber, der dich von Anfang an begleitet, um die richtige Entscheidung f\u00fcr die Fu\u00dfentwicklung deines Kindes treffen zu k\u00f6nnen? Als Kinderphysiotherapeutin und Mutter wei\u00df Nina Holtkamp, wie entscheidend die richtigen Schuhe f\u00fcr gesunde F\u00fc\u00dfe von Kindern sind. Sie bilden die Basis f\u00fcr eine gesunde Entwicklung. In diesem Ratgeber erh\u00e4ltst du praktische Tipps zur F\u00f6rderung der Fu\u00dfgesundheit deines Kindes \u2013 von Geburt an. Lerne, wie du h\u00e4ufige Fehler vermeidest und deinem Kind ein gesundes Fundament erm\u00f6glichst. Der ideale Ratgeber f\u00fcr Eltern, die die F\u00fc\u00dfe ihrer Kinder optimal unterst\u00fctzen m\u00f6chten.<\/p>\n","protected":false},"featured_media":642,"comment_status":"open","ping_status":"closed","template":"","meta":{"site-sidebar-layout":"default","site-content-layout":"","ast-site-content-layout":"default","site-content-style":"default","site-sidebar-style":"default","ast-global-header-display":"","ast-banner-title-visibility":"","ast-main-header-display":"","ast-hfb-above-header-display":"","ast-hfb-below-header-display":"","ast-hfb-mobile-header-display":"","site-post-title":"","ast-breadcrumbs-content":"","ast-featured-img":"","footer-sml-layout":"","theme-transparent-header-meta":"default","adv-header-id-meta":"","stick-header-meta":"","header-above-stick-meta":"","header-main-stick-meta":"","header-below-stick-meta":"","astra-migrate-meta-layouts":"set","ast-page-background-enabled":"default","ast-page-background-meta":{"desktop":{"background-color":"var(--ast-global-color-5)","background-image":"","background-repeat":"repeat","background-position":"center center","background-size":"auto","background-attachment":"scroll","background-type":"","background-media":"","overlay-type":"","overlay-color":"","overlay-opacity":"","overlay-gradient":""},"tablet":{"background-color":"","background-image":"","background-repeat":"repeat","background-position":"center center","background-size":"auto","background-attachment":"scroll","background-type":"","background-media":"","overlay-type":"","overlay-color":"","overlay-opacity":"","overlay-gradient":""},"mobile":{"background-color":"","background-image":"","background-repeat":"repeat","background-position":"center center","background-size":"auto","background-attachment":"scroll","background-type":"","background-media":"","overlay-type":"","overlay-color":"","overlay-opacity":"","overlay-gradient":""}},"ast-content-background-meta":{"desktop":{"background-color":"var(--ast-global-color-4)","background-image":"","background-repeat":"repeat","background-position":"center center","background-size":"auto","background-attachment":"scroll","background-type":"","background-media":"","overlay-type":"","overlay-color":"","overlay-opacity":"","overlay-gradient":""},"tablet":{"background-color":"var(--ast-global-color-4)","background-image":"","background-repeat":"repeat","background-position":"center center","background-size":"auto","background-attachment":"scroll","background-type":"","background-media":"","overlay-type":"","overlay-color":"","overlay-opacity":"","overlay-gradient":""},"mobile":{"background-color":"var(--ast-global-color-4)","background-image":"","background-repeat":"repeat","background-position":"center center","background-size":"auto","background-attachment":"scroll","background-type":"","background-media":"","overlay-type":"","overlay-color":"","overlay-opacity":"","overlay-gradient":""}}},"product_brand":[],"product_cat":[21],"product_tag":[],"class_list":{"0":"post-557","1":"product","2":"type-product","3":"status-publish","4":"has-post-thumbnail","6":"product_cat-sachbuch","7":"desktop-align-left","8":"tablet-align-left","9":"mobile-align-left","11":"first","12":"instock","13":"shipping-taxable","14":"purchasable","15":"product-type-simple"},"_links":{"self":[{"href":"https:\/\/traban.svaomega.com\/index.php?rest_route=\/wp\/v2\/product\/557","targetHints":{"allow":["GET"]}}],"collection":[{"href":"https:\/\/traban.svaomega.com\/index.php?rest_route=\/wp\/v2\/product"}],"about":[{"href":"https:\/\/traban.svaomega.com\/index.php?rest_route=\/wp\/v2\/types\/product"}],"replies":[{"embeddable":true,"href":"https:\/\/traban.svaomega.com\/index.php?rest_route=%2Fwp%2Fv2%2Fcomments&post=557"}],"wp:featuredmedia":[{"embeddable":true,"href":"https:\/\/traban.svaomega.com\/index.php?rest_route=\/wp\/v2\/media\/642"}],"wp:attachment":[{"href":"https:\/\/traban.svaomega.com\/index.php?rest_route=%2Fwp%2Fv2%2Fmedia&parent=557"}],"wp:term":[{"taxonomy":"product_brand","embeddable":true,"href":"https:\/\/traban.svaomega.com\/index.php?rest_route=%2Fwp%2Fv2%2Fproduct_brand&post=557"},{"taxonomy":"product_cat","embeddable":true,"href":"https:\/\/traban.svaomega.com\/index.php?rest_route=%2Fwp%2Fv2%2Fproduct_cat&post=557"},{"taxonomy":"product_tag","embeddable":true,"href":"https:\/\/traban.svaomega.com\/index.php?rest_route=%2Fwp%2Fv2%2Fproduct_tag&post=557"}],"curies":[{"name":"wp","href":"https:\/\/api.w.org\/{rel}","templated":true}]}}