{"id":640,"date":"2025-06-04T13:11:29","date_gmt":"2025-06-04T13:11:29","guid":{"rendered":"https:\/\/traban.svaomega.com\/?post_type=product&#038;p=640"},"modified":"2025-06-16T11:27:45","modified_gmt":"2025-06-16T11:27:45","slug":"susanne-renate-schneider-ki-leicht-gemacht","status":"publish","type":"product","link":"https:\/\/traban.svaomega.com\/?product=susanne-renate-schneider-ki-leicht-gemacht","title":{"rendered":"Susanne Renate Schneider: KI leicht gemacht"},"content":{"rendered":"<p><strong>Susanne Renate Schneider: KI leicht gemacht &#8211; Dein Einstieg in die Welt der KI<\/strong><\/p>\n<p><em><strong>Worum geht es in diesem Buch?<\/strong><\/em><\/p>\n<p>Dieses Buch ist dein perfekter Begleiter, wenn du (auch ohne Vorkenntnisse) die Grundlagen von KI verstehen m\u00f6chtest, aber nicht wei\u00dft, wo du anfangen sollst .<\/p>\n<p><em><strong>Klingt gut, aber ist das nicht alles furchtbar kompliziert?<\/strong><\/em><\/p>\n<p>Keine Sorge! Deine Reise durch die KI-Welt beginnt bei den Grundlagen und f\u00fchrt dich Schritt f\u00fcr Schritt zu einem soliden Verst\u00e4ndnis. Es geht darum, wie KI schon heute unser Leben beeinflusst \u2013 von Sprachassistenten bis hin zu selbstfahrenden Autos. Und ja, das Ganze macht sogar Spa\u00df!<\/p>\n<p><strong><em>Und was, wenn ich das alles nicht verstehe?<\/em><\/strong><\/p>\n<p>Daf\u00fcr ist dieses Buch da. Die Autorin Susanne Renate Schneider, KI-Nerd und Psychologin, erkl\u00e4rt dir alles mit viel Humor und Leichtigkeit. Du wirst sehen, dass KI gar nicht so kompliziert ist, wie es oft klingt.<\/p>\n<p><em><strong>Super, dann kann ich also auch mitreden, wenn es um KI<\/strong><\/em><\/p>\n<p><em><strong>geht?<\/strong><\/em><\/p>\n<p>Absolut! Am Ende dieses Buches wirst du nicht nur wissen, was KI ist, sondern bekommst auch Tipps, wie du sie in deinem Alltag nutzen kannst und wie richtiges Prompten funktioniert.<\/p>\n","protected":false},"excerpt":{"rendered":"<p>Susanne Renate Schneider: KI leicht gemacht &#8211; Dein Einstieg in die Welt der KI Worum geht es in diesem Buch? Dieses Buch ist dein perfekter Begleiter, wenn du (auch ohne Vorkenntnisse) die Grundlagen von KI verstehen m\u00f6chtest, aber nicht wei\u00dft, wo du anfangen sollst . Klingt gut, aber ist das nicht alles furchtbar kompliziert? Keine Sorge! Deine Reise durch die KI-Welt beginnt bei den Grundlagen und f\u00fchrt dich Schritt f\u00fcr Schritt zu einem soliden Verst\u00e4ndnis. Es geht darum, wie KI schon heute unser Leben beeinflusst \u2013 von Sprachassistenten bis hin zu selbstfahrenden Autos. Und ja, das Ganze macht sogar Spa\u00df! Und was, wenn ich das alles nicht verstehe? Daf\u00fcr ist dieses Buch da. Die Autorin Susanne Renate Schneider, KI-Nerd und Psychologin, erkl\u00e4rt dir alles mit viel Humor und Leichtigkeit. Du wirst sehen, dass KI gar nicht so kompliziert ist, wie es oft klingt. Super, dann kann ich also auch mitreden, wenn es um KI geht? Absolut! Am Ende dieses Buches wirst du nicht nur wissen, was KI ist, sondern bekommst auch Tipps, wie du sie in deinem Alltag nutzen kannst und wie richtiges Prompten funktioniert.<\/p>\n","protected":false},"featured_media":641,"comment_status":"open","ping_status":"closed","template":"","meta":{"site-sidebar-layout":"default","site-content-layout":"","ast-site-content-layout":"default","site-content-style":"default","site-sidebar-style":"default","ast-global-header-display":"","ast-banner-title-visibility":"","ast-main-header-display":"","ast-hfb-above-header-display":"","ast-hfb-below-header-display":"","ast-hfb-mobile-header-display":"","site-post-title":"","ast-breadcrumbs-content":"","ast-featured-img":"","footer-sml-layout":"","theme-transparent-header-meta":"default","adv-header-id-meta":"","stick-header-meta":"","header-above-stick-meta":"","header-main-stick-meta":"","header-below-stick-meta":"","astra-migrate-meta-layouts":"set","ast-page-background-enabled":"default","ast-page-background-meta":{"desktop":{"background-color":"var(--ast-global-color-5)","background-image":"","background-repeat":"repeat","background-position":"center center","background-size":"auto","background-attachment":"scroll","background-type":"","background-media":"","overlay-type":"","overlay-color":"","overlay-opacity":"","overlay-gradient":""},"tablet":{"background-color":"","background-image":"","background-repeat":"repeat","background-position":"center center","background-size":"auto","background-attachment":"scroll","background-type":"","background-media":"","overlay-type":"","overlay-color":"","overlay-opacity":"","overlay-gradient":""},"mobile":{"background-color":"","background-image":"","background-repeat":"repeat","background-position":"center center","background-size":"auto","background-attachment":"scroll","background-type":"","background-media":"","overlay-type":"","overlay-color":"","overlay-opacity":"","overlay-gradient":""}},"ast-content-background-meta":{"desktop":{"background-color":"var(--ast-global-color-4)","background-image":"","background-repeat":"repeat","background-position":"center center","background-size":"auto","background-attachment":"scroll","background-type":"","background-media":"","overlay-type":"","overlay-color":"","overlay-opacity":"","overlay-gradient":""},"tablet":{"background-color":"var(--ast-global-color-4)","background-image":"","background-repeat":"repeat","background-position":"center center","background-size":"auto","background-attachment":"scroll","background-type":"","background-media":"","overlay-type":"","overlay-color":"","overlay-opacity":"","overlay-gradient":""},"mobile":{"background-color":"var(--ast-global-color-4)","background-image":"","background-repeat":"repeat","background-position":"center center","background-size":"auto","background-attachment":"scroll","background-type":"","background-media":"","overlay-type":"","overlay-color":"","overlay-opacity":"","overlay-gradient":""}}},"product_brand":[],"product_cat":[22],"product_tag":[],"class_list":{"0":"post-640","1":"product","2":"type-product","3":"status-publish","4":"has-post-thumbnail","6":"product_cat-lyrik","7":"desktop-align-left","8":"tablet-align-left","9":"mobile-align-left","11":"first","12":"instock","13":"shipping-taxable","14":"purchasable","15":"product-type-simple"},"_links":{"self":[{"href":"https:\/\/traban.svaomega.com\/index.php?rest_route=\/wp\/v2\/product\/640","targetHints":{"allow":["GET"]}}],"collection":[{"href":"https:\/\/traban.svaomega.com\/index.php?rest_route=\/wp\/v2\/product"}],"about":[{"href":"https:\/\/traban.svaomega.com\/index.php?rest_route=\/wp\/v2\/types\/product"}],"replies":[{"embeddable":true,"href":"https:\/\/traban.svaomega.com\/index.php?rest_route=%2Fwp%2Fv2%2Fcomments&post=640"}],"wp:featuredmedia":[{"embeddable":true,"href":"https:\/\/traban.svaomega.com\/index.php?rest_route=\/wp\/v2\/media\/641"}],"wp:attachment":[{"href":"https:\/\/traban.svaomega.com\/index.php?rest_route=%2Fwp%2Fv2%2Fmedia&parent=640"}],"wp:term":[{"taxonomy":"product_brand","embeddable":true,"href":"https:\/\/traban.svaomega.com\/index.php?rest_route=%2Fwp%2Fv2%2Fproduct_brand&post=640"},{"taxonomy":"product_cat","embeddable":true,"href":"https:\/\/traban.svaomega.com\/index.php?rest_route=%2Fwp%2Fv2%2Fproduct_cat&post=640"},{"taxonomy":"product_tag","embeddable":true,"href":"https:\/\/traban.svaomega.com\/index.php?rest_route=%2Fwp%2Fv2%2Fproduct_tag&post=640"}],"curies":[{"name":"wp","href":"https:\/\/api.w.org\/{rel}","templated":true}]}}